{"id":10,"date":"2016-06-15T08:37:24","date_gmt":"2016-06-15T05:37:24","guid":{"rendered":"http:\/\/harjula.web38.neutech.fi\/cms\/?page_id=10"},"modified":"2024-09-04T10:39:07","modified_gmt":"2024-09-04T07:39:07","slug":"perhekuntoutus","status":"publish","type":"page","link":"https:\/\/www.harjula.fi\/cms\/perhekuntoutus\/","title":{"rendered":"J\u00e4lkihuolto"},"content":{"rendered":"<p style=\"text-align: justify;\">Perhekeskus Harjula tarjoaa j\u00e4lkihuoltopalvelua kahdessa erillisess\u00e4 itsen\u00e4istymisasunnossa Harjulan pihapiiriss\u00e4. P\u00e4\u00e4s\u00e4\u00e4nt\u00f6isesti asunnoissa asuvat nuoret ovat 18-vuotta t\u00e4ytt\u00e4neit\u00e4, Harjulassa sijoituksessa olleita nuoria. Itsen\u00e4isen asumisen harjoittelu on kuitenkin mahdollista jo ennen 18 ik\u00e4vuoden t\u00e4ytt\u00e4mist\u00e4 aluehallintoviraston ohjeiden mukaisesti. Harjulasta tuetaan nuoria 2.asteen opintoihin hakeutumisessa ja opintojen suorittamisessa ja yhten\u00e4 tavoitteena itsen\u00e4istymisty\u00f6skentelylle voikin olla yhteiskuntaan kiinnittyminen ja syrj\u00e4ytymisen ehk\u00e4iseminen suorittamalla 2. asteen opinnot tai hakeutumalla muuhun yhteiskunnan tarjoamaan p\u00e4iv\u00e4toimintaan, kuten ty\u00f6pajatoimintaan.<\/p>\n<p>J\u00e4lkihuoltoty\u00f6skentelyss\u00e4 k\u00e4ytet\u00e4\u00e4n menetelmin\u00e4 toiminnallista ty\u00f6skentely\u00e4, keskusteluja ja verkostoyhteisty\u00f6t\u00e4 l\u00e4heisverkoston, sosiaali- ja terveyspalvelujen sek\u00e4 opetuspuolen kanssa. Ty\u00f6skentelyss\u00e4 hy\u00f6dynnet\u00e4\u00e4n itsen\u00e4istyv\u00e4n nuoren roolikarttaa, jonka avulla opetellaan hahmottamaan ja harjoitellaan erilaisia itsen\u00e4istymiseen liittyvi\u00e4 rooleja ja teht\u00e4vi\u00e4.  Asumisesta ja ty\u00f6skentelyst\u00e4 nuoren kanssa sovitaan yhteisty\u00f6ss\u00e4 nuoren ja asioista vastaavan sosiaality\u00f6ntekij\u00e4n kanssa. Ty\u00f6skentely perustuu j\u00e4lkihuoltosuunnitelmaan, johon laaditaan tavoitteet ty\u00f6skentelylle. Harjulan asunnot ovat p\u00e4ihteett\u00f6mi\u00e4.\n<\/p>\n<p><img loading=\"lazy\" decoding=\"async\" class=\"aligncenter wp-image-139 size-full\" src=\"http:\/\/www.harjula.fi\/cms\/wp-content\/uploads\/2017\/01\/Perheasunto.jpg\" alt=\"\" width=\"1000\" height=\"750\" srcset=\"https:\/\/www.harjula.fi\/cms\/wp-content\/uploads\/2017\/01\/Perheasunto.jpg 1000w, https:\/\/www.harjula.fi\/cms\/wp-content\/uploads\/2017\/01\/Perheasunto-300x225.jpg 300w, https:\/\/www.harjula.fi\/cms\/wp-content\/uploads\/2017\/01\/Perheasunto-768x576.jpg 768w, https:\/\/www.harjula.fi\/cms\/wp-content\/uploads\/2017\/01\/Perheasunto-100x75.jpg 100w, https:\/\/www.harjula.fi\/cms\/wp-content\/uploads\/2017\/01\/Perheasunto-150x113.jpg 150w, https:\/\/www.harjula.fi\/cms\/wp-content\/uploads\/2017\/01\/Perheasunto-200x150.jpg 200w, https:\/\/www.harjula.fi\/cms\/wp-content\/uploads\/2017\/01\/Perheasunto-450x338.jpg 450w, https:\/\/www.harjula.fi\/cms\/wp-content\/uploads\/2017\/01\/Perheasunto-600x450.jpg 600w, https:\/\/www.harjula.fi\/cms\/wp-content\/uploads\/2017\/01\/Perheasunto-900x675.jpg 900w\" sizes=\"auto, (max-width: 709px) 85vw, (max-width: 909px) 67vw, (max-width: 1362px) 62vw, 840px\" \/><\/p>\n","protected":false},"excerpt":{"rendered":"<p>Perhekeskus Harjula tarjoaa j\u00e4lkihuoltopalvelua kahdessa erillisess\u00e4 itsen\u00e4istymisasunnossa Harjulan pihapiiriss\u00e4. P\u00e4\u00e4s\u00e4\u00e4nt\u00f6isesti asunnoissa asuvat nuoret ovat 18-vuotta t\u00e4ytt\u00e4neit\u00e4, Harjulassa sijoituksessa olleita nuoria. Itsen\u00e4isen asumisen harjoittelu on kuitenkin mahdollista jo ennen 18 ik\u00e4vuoden t\u00e4ytt\u00e4mist\u00e4 aluehallintoviraston ohjeiden mukaisesti. Harjulasta tuetaan nuoria 2.asteen opintoihin hakeutumisessa ja opintojen suorittamisessa ja yhten\u00e4 tavoitteena itsen\u00e4istymisty\u00f6skentelylle voikin olla yhteiskuntaan kiinnittyminen ja syrj\u00e4ytymisen ehk\u00e4iseminen suorittamalla &hellip; <a href=\"https:\/\/www.harjula.fi\/cms\/perhekuntoutus\/\" class=\"more-link\">Jatka lukemista<span class=\"screen-reader-text\"> &#8221;J\u00e4lkihuolto&#8221;<\/span><\/a><\/p>\n","protected":false},"author":1,"featured_media":0,"parent":0,"menu_order":0,"comment_status":"closed","ping_status":"closed","template":"","meta":{"footnotes":""},"class_list":["post-10","page","type-page","status-publish","hentry"],"_links":{"self":[{"href":"https:\/\/www.harjula.fi\/cms\/wp-json\/wp\/v2\/pages\/10","targetHints":{"allow":["GET"]}}],"collection":[{"href":"https:\/\/www.harjula.fi\/cms\/wp-json\/wp\/v2\/pages"}],"about":[{"href":"https:\/\/www.harjula.fi\/cms\/wp-json\/wp\/v2\/types\/page"}],"author":[{"embeddable":true,"href":"https:\/\/www.harjula.fi\/cms\/wp-json\/wp\/v2\/users\/1"}],"replies":[{"embeddable":true,"href":"https:\/\/www.harjula.fi\/cms\/wp-json\/wp\/v2\/comments?post=10"}],"version-history":[{"count":6,"href":"https:\/\/www.harjula.fi\/cms\/wp-json\/wp\/v2\/pages\/10\/revisions"}],"predecessor-version":[{"id":765,"href":"https:\/\/www.harjula.fi\/cms\/wp-json\/wp\/v2\/pages\/10\/revisions\/765"}],"wp:attachment":[{"href":"https:\/\/www.harjula.fi\/cms\/wp-json\/wp\/v2\/media?parent=10"}],"curies":[{"name":"wp","href":"https:\/\/api.w.org\/{rel}","templated":true}]}}